 70 + 25 = -3*y. Suppose -216 = w*z - 19*z. What is the tens digit of z?
7
Let w be 1 + -59 + 28 + -28. Let l = -37 - w. What is the tens digit of l?
2
Let m(k) = -2*k**3 + 103*k**2 + k**3 + 21*k - 86*k**2 + 19. What is the units digit of m(18)?
3
Suppose -5*u + o = 221 + 318, 2*u - 2*o + 222 = 0. Let b = -49 - u. What is the tens digit of b?
5
Let z be -2 + 21 + -2 - (1 + 1). What is the units digit of (18/z)/(2 + (-924)/465)?
3
Suppose 2*c + 3*n - 2080 = 0, 4*c - 2840 = -n + 1310. Suppose -h + 5*h - 5*g - c = 0, 4*h - 1028 = -4*g. Suppose s + h = 7*s. What is the units digit of s?
3
Suppose -3*r = -3, -1170 + 3212 = 3*z - r. What is the units digit of z?
1
Let u be 1/(-3) - (4 - 125/15). Suppose 4*v + 14 = 2, -3*h - u*v = -501. What is the units digit of h?
1
Suppose y = 0, -3*r = -y - 1862 + 467. What is the hundreds digit of r?
4
Suppose -4*m - o - 2*o - 91 = 0, -4*m + o = 103. Let c = -22 - m. Suppose -81 - 36 = -c*f. What is the units digit of f?
9
Let w = -1010 + 1795. What is the hundreds digit of w?
7
Let o = 20 + -15. Suppose 0 = o*w - 4*k - 28, 3*w + w + 2*k = 12. Suppose 0 = w*j + 4 - 8. What is the units digit of j?
1
Let h(o) = 2*o**2 + 18*o. What is the units digit of h(-13)?
4
Let h = -19 + 8. Let j = -13 - h. Let v(m) = 10*m**2 + 4*m - 1. What is the units digit of v(j)?
1
Suppose 145*u - 151*u = -174. Let f(j) = -j + 7. Let m be f(8). Let r = u + m. What is the tens digit of r?
2
Suppose 3*y - 8*y = -4*p - 1420, 0 = 3*p + 15. What is the units digit of y?
0
Suppose 0 = -6*z - 3 + 27. Suppose 186 = z*b + 6. What is the tens digit of b?
4
What is the hundreds digit of (-339)/(0 + -2 + 1)?
3
Let l(y) = -3*y**2 + 4*y + 3. Let n(o) = -7*o**2 + 9*o + 5. Let d(g) = 9*l(g) - 4*n(g). Let u be d(-5). Suppose -m + 5*m = u. What is the units digit of m?
8
Suppose -3*y + 454 = 2*d - 844, -4*y = 2*d - 1296. What is the units digit of d?
2
Let z be (-16)/72 + (-114)/(-27). Suppose 7*o - z*o - 99 = 0. What is the units digit of o?
3
Let g(w) = w**3 - 27*w**2 - 12*w - 3. Let v be g(28). Suppose 10 - v = -3*s. What is the hundreds digit of s?
1
Suppose -f - f + 584 = 0. What is the hundreds digit of f?
2
Suppose 5*i + 7970 = 2*r + 3*r, 0 = 5*r - 4*i - 7966. What is the units digit of r?
0
Let m(x) = x**3 + 10*x**2 - 22*x + 26. Let p be m(-12). Suppose 0 = 5*q - b - 107, -10 = -q + 2*b + p*b. What is the units digit of q?
2
What is the units digit of -22*15/(-20)*(-1216)/(-24)?
6
Let h be (0 - 2)/((-14)/21). Let x be 2/h*15/2. Suppose 5*v = 3*d - 2*d + 132, 2*d = -x*v + 126. What is the tens digit of v?
2
Let w(b) = -6*b**3 + 3*b**2 + 2*b - 3. Let h be w(3). What is the tens digit of ((-14)/(-6))/((-4)/h)?
7
Let r(b) = 6*b**2 - 6*b - 9. What is the units digit of r(7)?
3
What is the hundreds digit of 19/(133/1666) + -6?
2
Let b be (-3)/((-1)/(24/9)). Suppose b*p + 232 = 10*p. What is the tens digit of p?
1
Let l = -29 + 31. Suppose l*j - 21 = -a - 2*a, 3*j + 2*a = 39. What is the units digit of j?
5
Let t(y) = 4*y - 94. What is the units digit of t(32)?
4
Let p be 3/(18/(-69)) + (-6)/(-4). What is the units digit of -1*(-2 + 51/6)*p?
5
Suppose -2*h + 2324 = -2*q, -11*h - 5*q + 11635 = -h. What is the thousands digit of h?
1
Let r = 6 + 11. Suppose 3*i - h = -13, -r = i - 2*i - 5*h. What is the tens digit of i/12 + 387/12?
3
What is the units digit of 23 + -24 + 3 + 696 + 3?
1
Let l(f) = f - 4. Let t be l(4). Let p = t - -2. Let s(g) = 8*g**3 + g**2 - g - 1. What is the tens digit of s(p)?
6
Suppose -1766 = -4*u + 2*f, u = -u - 2*f + 880. What is the hundreds digit of u?
4
What is the units digit of 5854/6 + 504/(-189)?
3
Let d(b) = 0*b + 5*b + 4 - 4*b - 2*b. Suppose 4*t - o + 9 = -2*o, 0 = t + 2*o + 4. What is the units digit of d(t)?
6
What is the tens digit of 892*(-5 + (-44)/(-8))?
4
Suppose 589 = -8*n + 27*n. What is the tens digit of n?
3
Let a(z) = -848*z - 1578. What is the hundreds digit of a(-9)?
0
Let t = 5 - -4. What is the tens digit of 18/2*2/t*15?
3
Suppose -99*b = -88*b - 7799. What is the units digit of b?
9
Suppose 3*d + j - 50 = -4*j, -2*d + j = -16. Let p be 5/20 - d/8. What is the units digit of p/((-1)/10*2)?
5
Suppose 0*w = -2*w + 52. Let u be (-2 - (-14)/21)/(2/(-3)). Suppose u*z = 4*z - w. What is the tens digit of z?
1
Let a(q) = -q. Let f(c) = 7*c - 6. Let v(u) = -6*a(u) - f(u). Let y be v(3). Suppose -t + y*t = 46. What is the tens digit of t?
2
Let y(g) = 2*g**2 + 2*g - 14. Let p be ((-14)/3)/(32/(-12) + 2). What is the units digit of y(p)?
8
Let b be 26/5 + 16/20. Let v(j) = 2*j - 10. Let y be v(b). Suppose 2*o + 5*l = 34, -3*o - 3*l + 104 = y*o. What is the tens digit of o?
2
Suppose -16 = 3*s + 5*s. What is the tens digit of (-56)/21*((s - 26) + 1)?
7
Let x = -2879 - -5743. What is the thousands digit of x?
2
Suppose 1584 = 8*r - 11016. What is the hundreds digit of r?
5
Let q(m) be the third derivative of -m**6/360 - 7*m**5/120 + 3*m**4/8 + 7*m**2. Let d(o) be the second derivative of q(o). What is the units digit of d(-12)?
7
Suppose i + 4*i - 25 = 0. Suppose -t - t - u + 6 = 0, 4 = -3*t + i*u. Suppose -t*y + 35 - 8 = 5*v, 4*v - 5*y - 15 = 0. What is the units digit of v?
5
Suppose 0 = -8*y - 198 - 98. Let m = 63 + y. What is the units digit of m?
6
Suppose -3 - 3 = -3*m. Let a be 5*(6/m - 4). What is the units digit of 11/(a/2 + 3)?
2
Let s be 120/(-9)*(-6)/4. What is the hundreds digit of s/(4 + (-195)/50)?
2
Let q(y) = -y**3 + 5*y**2 + 13*y - 6. Suppose -4*o - 5*d + 26 = -18, -3*d = -3*o + 6. What is the tens digit of q(o)?
3
Suppose 2*t - 7742 = 2*m, 3*m + 6827 = 2*t - 920. What is the hundreds digit of t?
8
Let q(y) = 87*y**2 + 32*y - 59. What is the hundreds digit of q(2)?
3
What is the hundreds digit of -3 - (-9 + (-488)/2)?
2
Suppose -10*y = -5*y - 245. Suppose -y - 39 = h - l, -h = l + 80. What is the tens digit of 3/(-3 + h/(-26))?
1
Suppose 4*f - 20140 = 4*z, 66*f = 69*f + 2*z - 15080. What is the units digit of f?
0
What is the units digit of (26 + -28)/((-2)/514)?
4
What is the tens digit of -1 + 7/4 + 21287/28?
6
Suppose 9*d - 575 = 4*d. Let q be 6/12 - d/(-2). Suppose -q = -2*t - 6. What is the units digit of t?
6
What is the hundreds digit of 16/24 + 2811/9?
3
Let m(b) = 12*b + 1. Let p be m(4). Suppose 0 = -h - 9 + p. What is the units digit of h?
0
Let w = -28 + 34. Suppose w*y + 4*d = y + 499, 4*y = 5*d + 391. What is the tens digit of y?
9
Suppose -3*j = -3*h + 999, 3*j + 269 = h - 728. What is the tens digit of -5 - (j + -6 + 2)?
3
Suppose 3*a + 0 = -4*m - 8, 2*a = 0. Let n = 0 - m. What is the units digit of (n/4)/(3/6)?
1
Suppose -4*x = 5*r - 5, 2*x + r + 1 = 8. Let d(c) = c**2 - 4*c. Let t be d(x). Suppose -26 - 84 = -t*m. What is the tens digit of m?
2
Let h = -4 - -8. Suppose 6*d - 15 = 3*d, 3*t = h*d + 358. What is the units digit of t?
6
Suppose -5*h + 5*r = -15, -h - 1 + 3 = -2*r. Suppose -2*g + 2*z = -h, -16 = g - 6*g + 2*z. What is the units digit of ((-1)/(g/(-76)))/1?
9
Let r be 9/6*(-128)/(-12). Let x = r + -10. What is the tens digit of 4/x + (-140)/(-6)?
2
Let l(m) = 2*m**2 + 2*m - 30. What is the tens digit of l(9)?
5
Let w be -2*((-5)/(-10) + -1). Let k(o) = 40*o + 4. What is the units digit of k(w)?
4
Let w(l) = -3*l - 15. Suppose 2*z + 32 = -4*p - 2*z, 5*z + 19 = -2*p. Let h be w(p). Let d = 7 + h. What is the units digit of d?
3
Let t be (18/(-18))/(1/(-260)). Let q = -102 + t. What is the hundreds digit of q?
1
Suppose -4*g = 49 + 19. Let k = g + 14. What is the units digit of -32*(4 - (-15)/k)?
2
Suppose 15*u + 24*u - 22854 = 0. What is the hundreds digit of u?
5
Let m be (-440)/(-15) - -6 - (-4)/6. Suppose -2*d + m = -72. What is the units digit of d?
4
Let z = -7 + 9. Suppose -4*f = -4*c + 8, z*c - 3*f + 10 = 7*c. Suppose 0 = c*u - 7 + 3. What is the units digit of u?
2
Let o = -546 - -2741. What is the tens digit of o?
9
Let u(r) = -32*r - 39. Let x be u(5). Let h = x - -358. What is the tens digit of h?
5
Suppose -4*i = 5*h - 1238, -2*h - 3*h + 1265 = -5*i. What is the units digit of h?
0
Suppose 0 = 2*n - 2*r - 806, 4*r - 1209 = -3*n + 2*r. What is the units digit of n?
3
Suppose 2*z = 8*z - 48. What is the units digit of 262/z - (-10)/40?
3
Let p(v) = -v**3 - 7*v**2 + 7*v - 8. Let y be p(-8). Suppose y = 3*b - 9, -2*s = 5*b - 2*b - 15. What is the tens digit 